eatest common factor of 719750 and 20?
10
Calculate the greatest common factor of 22545 and 234635.
835
What is the highest common factor of 361169 and 2?
1
Calculate the highest common factor of 192488 and 24.
8
Calculate the greatest common factor of 29565 and 292.
73
Calculate the highest common divisor of 2420 and 4719.
121
What is the highest common divisor of 105 and 135114?
21
What is the greatest common divisor of 11458 and 3264?
34
What is the greatest common factor of 480 and 293640?
120
Calculate the greatest common factor of 6341 and 17.
17
What is the highest common divisor of 1496 and 82632?
88
What is the greatest common divisor of 1241 and 9809?
17
What is the highest common factor of 2 and 19463?
1
What is the highest common divisor of 196734 and 6?
6
Calculate the highest common divisor of 952775 and 1725.
575
What is the highest common divisor of 160886 and 4686?
1562
What is the greatest common divisor of 13248 and 180320?
736
What is the highest common divisor of 69719 and 155?
31
What is the highest common divisor of 1766 and 883?
883
Calculate the highest common divisor of 15611 and 65928.
67
Calculate the greatest common divisor of 2465681 and 249.
83
What is the highest common divisor of 77 and 4279033?
11
Calculate the highest common divisor of 13481 and 1547.
221
What is the highest common divisor of 295940 and 70?
10
What is the highest common factor of 15 and 1627485?
15
Calculate the greatest common divisor of 50 and 9260.
10
Calculate the highest common factor of 561 and 36652.
187
Calculate the greatest common divisor of 363 and 81.
3
What is the greatest common divisor of 854 and 235582?
122
Calculate the greatest common factor of 319 and 80069.
319
What is the highest common factor of 105 and 633276?
21
Calculate the highest common factor of 83704 and 8.
8
Calculate the greatest common divisor of 44980 and 8580.
260
What is the greatest common divisor of 5213 and 377?
13
Calculate the highest common factor of 1770 and 5370.
30
What is the highest common divisor of 47 and 139637?
47
Calculate the greatest common divisor of 200634 and 12852.
714
What is the greatest common divisor of 598 and 1123642?
598
What is the highest common factor of 67 and 64186?
67
What is the greatest common factor of 10 and 23960?
10
What is the highest common factor of 303 and 444?
3
What is the greatest common divisor of 64 and 143808?
64
What is the greatest common factor of 7024 and 184?
8
What is the greatest common factor of 152 and 1558?
38
What is the highest common factor of 6873 and 2262?
87
Calculate the greatest common factor of 1216 and 8864.
32
Calculate the greatest common factor of 136 and 2681512.
136
Calculate the highest common factor of 915732 and 1668.
1668
What is the highest common factor of 23 and 11868?
23
Calculate the highest common factor of 520 and 17485.
65
What is the highest common factor of 553825 and 25?
25
Calculate the greatest common divisor of 219700 and 500.
100
Calculate the greatest common divisor of 96109 and 65.
13
What is the highest common divisor of 2900 and 9420?
20
Calculate the highest common factor of 199350 and 9.
9
What is the highest common factor of 86 and 15566?
86
What is the greatest common factor of 394163 and 209?
11
Calculate the highest common factor of 5782 and 147.
49
What is the greatest common divisor of 637 and 36113?
49
What is the highest common divisor of 276 and 563224?
92
Calculate the highest common divisor of 105 and 7113.
3
What is the highest common divisor of 24 and 538392?
24
What is the highest common divisor of 81 and 15666?
3
Calculate the greatest common divisor of 396 and 603.
9
Calculate the highest common divisor of 123909 and 2781.
309
What is the greatest common divisor of 134511 and 39?
39
Calculate the greatest common divisor of 3369 and 267.
3
What is the highest common divisor of 1755 and 61555?
65
Calculate the greatest common divisor of 1812 and 804.
12
Calculate the greatest common divisor of 891 and 4293.
81
What is the greatest common factor of 14 and 16268?
14
Calculate the highest common factor of 360703 and 14.
7
Calculate the highest common divisor of 11068 and 100.
4
Calculate the greatest common divisor of 133 and 4963.
7
What is the greatest common divisor of 16827 and 6603?
213
What is the greatest common divisor of 185860 and 110?
10
Calculate the greatest common divisor of 760 and 415720.
760
What is the highest common divisor of 741 and 2301?
39
What is the highest common factor of 29616 and 828?
12
Calculate the greatest common factor of 158688 and 87.
87
Calculate the greatest common divisor of 50393 and 1403.
23
Calculate the greatest common divisor of 370201 and 13.
13
What is the highest common factor of 3255 and 41385?
465
Calculate the highest common factor of 3248 and 357686.
406
Calculate the greatest common divisor of 359928 and 144.
72
What is the highest common divisor of 192185 and 17442?
323
Calculate the highest common factor of 20 and 234620.
20
Calculate the highest common divisor of 162 and 1433619.
81
Calculate the highest common factor of 415 and 326854.
83
What is the highest common divisor of 1205 and 280?
5
Calculate the greatest common divisor of 39624 and 552.
24
What is the highest common factor of 132 and 170346?
66
What is the highest common factor of 38050 and 450?
50
Calculate the greatest common divisor of 416096 and 1856.
32
What is the highest common divisor of 21 and 198933?
21
What is the highest common divisor of 1513 and 15793?
17
What is the highest common factor of 36 and 4138032?
12
Calculate the highest common factor of 157242 and 292.
146
What is the highest common divisor of 40789 and 35?
7
Calculate the greatest common factor of 135 and 115641.
27
Calculate the greatest common factor of 175 and 20675.
25
Calculate the highest common divisor of 4640 and 1363.
29
Calculate the highest common divisor of 1696 and 6996.
212
What is the greatest common factor of 13892 and 23?
23
Calculate the highest common divisor of 13035 and 231.
33
What is the highest common factor of 7925 and 175?
25
What is the highest common factor of 297 and 5635773?
99
What is the greatest common divisor of 90 and 25770?
30
What is the highest common factor of 37824 and 16154?
394
What is the highest common factor of 135 and 1331115?
15
Calculate the greatest common divisor of 495 and 149634.
9
What is the highest common factor of 531459 and 18?
9
Calculate the highest common divisor of 4125 and 165.
165
What is the highest common divisor of 1062 and 108855?
531
Calculate the greatest common factor of 275 and 2332.
11
Calculate the highest common divisor of 231659 and 391.
17
What is the greatest common factor of 263 and 249061?
263
Calculate the greatest common divisor of 11265384 and 39.
39
What is the greatest common divisor of 138 and 3858?
6
What is the greatest common factor of 12 and 75102?
6
What is the greatest common divisor of 4 and 36106?
2
Calculate the highest common factor of 50310 and 27.
9
Calculate the greatest common factor of 136 and 5212.
4
What is the highest common divisor of 67 and 2967966?
67
Calculate the highest common factor of 79628 and 1.
1
Calculate the greatest common factor of 55705 and 104.
13
What is the highest common factor of 39 and 1609491?
39
What is the greatest common factor of 3817 and 747785?
347
What is the greatest common divisor of 15210 and 14130?
90
Calculate the highest common factor of 4387 and 104919.
41
What is the highest common factor of 365 and 1313416?
73
What is the greatest common factor of 324132 and 132?
12
Calculate the greatest common factor of 38727 and 67626.
117
Calculate the greatest common divisor of 100 and 214660.
20
Calculate the highest common factor of 92291 and 41.
41
What is the highest common divisor of 159 and 19059?
3
Calculate the greatest common divisor of 20 and 29935.
5
Calculate the greatest common factor of 31875 and 165.
15
What is the highest common divisor of 22813 and 497?
7
What is the highest common divisor of 64 and 70336?
64
What is the highest common divisor of 53186 and 322?
14
Calculate the greatest common divisor of 854 and 2758.
14
Calculate the greatest common factor of 696 and 123576.
24
Calculate the highest common